{"id":865,"date":"2015-06-24T16:34:54","date_gmt":"2015-06-24T20:34:54","guid":{"rendered":"http:\/\/141080.com\/?page_id=865"},"modified":"2024-06-29T10:51:07","modified_gmt":"2024-06-29T08:51:07","slug":"impressum","status":"publish","type":"page","link":"https:\/\/wandernotizen.com\/en\/impressum\/","title":{"rendered":"Impressum Wandernotizen"},"content":{"rendered":"<p><a href=\"https:\/\/de.wikipedia.org\/wiki\/Impressum\" target=\"_blank\" rel=\"noopener noreferrer\">Imprint<\/a> (lat. <em>impressum<\/em> &#8222;Hineingedr\u00fccktes&#8220; bzw. &#8222;Aufgedr\u00fccktes&#8220;) &#8211;&gt; Alles klar, daher hier der rechtliche Teil \ud83d\ude42<\/p>\n\n\n\n<figure class=\"wp-block-image size-large is-style-default\"><a href=\"https:\/\/egx5hoebfh6.exactdn.com\/wp-content\/uploads\/2022\/06\/impressum_wandernotizen.jpg?strip=all&w=2560\"><img loading=\"lazy\" decoding=\"async\" width=\"1024\" height=\"341\" src=\"https:\/\/egx5hoebfh6.exactdn.com\/wp-content\/uploads\/2022\/06\/impressum_wandernotizen-1024x341.jpg?strip=all\" alt=\"impressum\" class=\"wp-image-12286\" srcset=\"https:\/\/egx5hoebfh6.exactdn.com\/wp-content\/uploads\/2022\/06\/impressum_wandernotizen-1024x341.jpg?strip=all 1024w, https:\/\/egx5hoebfh6.exactdn.com\/wp-content\/uploads\/2022\/06\/impressum_wandernotizen-300x100.jpg?strip=all 300w, https:\/\/egx5hoebfh6.exactdn.com\/wp-content\/uploads\/2022\/06\/impressum_wandernotizen-768x256.jpg?strip=all 768w, https:\/\/egx5hoebfh6.exactdn.com\/wp-content\/uploads\/2022\/06\/impressum_wandernotizen-1536x512.jpg?strip=all 1536w, https:\/\/egx5hoebfh6.exactdn.com\/wp-content\/uploads\/2022\/06\/impressum_wandernotizen-2048x683.jpg?strip=all 2048w, https:\/\/egx5hoebfh6.exactdn.com\/wp-content\/uploads\/2022\/06\/impressum_wandernotizen-610x203.jpg?strip=all 610w, https:\/\/egx5hoebfh6.exactdn.com\/wp-content\/uploads\/2022\/06\/impressum_wandernotizen.jpg?strip=all&amp;w=444 444w, https:\/\/egx5hoebfh6.exactdn.com\/wp-content\/uploads\/2022\/06\/impressum_wandernotizen.jpg?strip=all&amp;w=888 888w, https:\/\/egx5hoebfh6.exactdn.com\/wp-content\/uploads\/2022\/06\/impressum_wandernotizen.jpg?strip=all&amp;w=1333 1333w, https:\/\/egx5hoebfh6.exactdn.com\/wp-content\/uploads\/2022\/06\/impressum_wandernotizen.jpg?strip=all&amp;w=1777 1777w, https:\/\/egx5hoebfh6.exactdn.com\/wp-content\/uploads\/2022\/06\/impressum_wandernotizen.jpg?strip=all 2222w\" sizes=\"auto, (max-width: 1024px) 100vw, 1024px\" \/><\/a><figcaption class=\"wp-element-caption\"><em>Impressum Wandernotizen<\/em><\/figcaption><\/figure>\n\n\n\n<h2 class=\"wp-block-heading\"><strong>Dieses Impressum gilt auch f\u00fcr die folgenden Social-Media-Pr\u00e4senzen und Onlineprofile:<\/strong><\/h2>\n\n\n\n<p><a href=\"https:\/\/www.facebook.com\/wandernotizen\/\" target=\"_blank\" rel=\"noreferrer noopener\"><strong>Wandernotizen auf Facebook<\/strong><\/a><\/p>\n\n\n\n<p><strong><a href=\"https:\/\/instagram.com\/wandernotizen\" target=\"_blank\" rel=\"noreferrer noopener\">Wandernotizen auf Instagram<\/a><\/strong><\/p>\n\n\n\n<h2 class=\"wp-block-heading\"><strong>Diensteanbieter<\/strong><\/h2>\n\n\n\n<p>D e n n i s&nbsp; K i e f e r<br>O b e r a l p s t r a s s e&nbsp; 3 5<br>C H&nbsp; &#8211;&nbsp; 7 0 0 0&nbsp; C h u r<\/p>\n\n\n\n<h5 class=\"wp-block-heading\">Kontaktm\u00f6glichkeiten<\/h5>\n\n\n\n<p>T: 0041 78 737 91 eins acht<br>E: dennis att wandernotizen dot com<\/p>\n\n\n\n<h2 class=\"wp-block-heading\"><strong>Technische Umsetzung, Programmierung und Gestaltung<\/strong><\/h2>\n\n\n\n<p>Webnomadin Media<br>Switzerland<\/p>\n\n\n\n<p><a href=\"https:\/\/webnomadin.com\/\" target=\"_blank\" rel=\"noreferrer noopener\">webnomadin.com<\/a><\/p>\n\n\n\n<p>Agentur f\u00fcr Emotionales Branding &#8211; Selbst\u00e4ndige Frauen Schweiz<\/p>\n\n\n\n<h2 class=\"wp-block-heading\"><strong>Haftungsausschluss (Disclaimer)<\/strong><\/h2>\n\n\n\n<p><strong>Haftung f\u00fcr <a href=\"https:\/\/wandernotizen.com\/en\/mischmasch\/der-reiseblog-gegen-fernweh\/\" data-type=\"post\" data-id=\"10816\">Content<\/a><\/strong><\/p>\n\n\n\n<p>Als Diensteanbieter sind wir gem\u00e4\u00df \u00a7 7 Abs.1 TMG f\u00fcr eigene Inhalte auf diesen Seiten nach den allgemeinen Gesetzen verantwortlich. Nach \u00a7\u00a7 8 bis 10 TMG sind wir als Diensteanbieter jedoch nicht verpflichtet, \u00fcbermittelte oder gespeicherte fremde Informationen zu \u00fcberwachen oder nach Umst\u00e4nden zu forschen, die auf eine rechtswidrige T\u00e4tigkeit hinweisen. Verpflichtungen zur Entfernung oder Sperrung der Nutzung von Informationen nach den allgemeinen Gesetzen bleiben hiervon unber\u00fchrt. Eine diesbez\u00fcgliche Haftung ist jedoch erst ab dem Zeitpunkt der Kenntnis einer konkreten Rechtsverletzung m\u00f6glich. Bei Bekanntwerden von entsprechenden Rechtsverletzungen werden wir diese Inhalte umgehend entfernen.<\/p>\n\n\n\n<p><strong>Bilder und Videos<\/strong><\/p>\n\n\n\n<p>Sollten Sie Inhaber eines Fotorechtes sein, das wir vielleicht verletzt haben, so geschah das nicht vors\u00e4tzlich. Sollten Sie der bewiesene Urheber eines Bildes sein melden Sie sich bei uns. Wir streamen audiovisuelle Videos nur, wir hosten selber keine audiovisuellen Beitr\u00e4ge. Sollten wir eine Urheberrechtsverletzung begangen haben, wenden Sie sich direkt an youtube.com bzw. den verwendeten Videoanbieter und lassen Sie den Clip dort entfernen.<\/p>\n\n\n\n<p><strong>Haftung f\u00fcr Links<\/strong><\/p>\n\n\n\n<p>Unser Angebot enth\u00e4lt Links zu externen Webseiten Dritter, auf deren Inhalte wir keinen Einfluss haben. Deshalb k\u00f6nnen wir f\u00fcr diese fremden Inhalte auch keine Gew\u00e4hr \u00fcbernehmen. F\u00fcr die Inhalte der verlinkten Seiten ist stets der jeweilige Anbieter oder Betreiber der Seiten verantwortlich. Die verlinkten Seiten wurden zum Zeitpunkt der Verlinkung auf m\u00f6gliche Rechtsverst\u00f6\u00dfe \u00fcberpr\u00fcft. Rechtswidrige Inhalte waren zum Zeitpunkt der Verlinkung nicht erkennbar. Eine permanente inhaltliche Kontrolle der verlinkten Seiten ist jedoch ohne konkrete Anhaltspunkte einer Rechtsverletzung nicht zumutbar. Bei Bekanntwerden von Rechtsverletzungen werden wir derartige Links umgehend entfernen.<\/p>\n\n\n\n<p><strong>Urheberrecht<\/strong><\/p>\n\n\n\n<p>Die durch die Seitenbetreiber erstellten Inhalte und Werke auf diesen Seiten unterliegen dem schweizer Urheberrecht. Die Vervielf\u00e4ltigung, Bearbeitung, Verbreitung und jede Art der Verwertung au\u00dferhalb der Grenzen des Urheberrechtes bed\u00fcrfen der schriftlichen Zustimmung des jeweiligen Autors bzw. Erstellers. Downloads und Kopien dieser Seite sind nur f\u00fcr den privaten, nicht kommerziellen Gebrauch gestattet. Soweit die Inhalte auf dieser Seite nicht vom Betreiber erstellt wurden, werden die Urheberrechte Dritter beachtet. Insbesondere werden Inhalte Dritter als solche gekennzeichnet. Sollten Sie trotzdem auf eine Urheberrechtsverletzung aufmerksam werden, bitten wir um einen entsprechenden Hinweis. Bei Bekanntwerden von Rechtsverletzungen werden wir derartige Inhalte umgehend entfernen.<\/p>\n\n\n\n<p><em><sup>Stand 2024 Impressum Wandernotizen<\/sup><\/em><\/p>","protected":false},"excerpt":{"rendered":"<p>Impressum (lat. impressum &#8222;Hineingedr\u00fccktes&#8220; bzw. &#8222;Aufgedr\u00fccktes&#8220;) &#8211;&gt; Alles klar, daher hier der rechtliche Teil \ud83d\ude42 Dieses Impressum gilt auch f\u00fcr die folgenden Social-Media-Pr\u00e4senzen und Onlineprofile: Wandernotizen auf Facebook Wandernotizen auf Instagram Diensteanbieter D e n &#8230; <a title=\"Impressum Wandernotizen\" class=\"read-more\" href=\"https:\/\/wandernotizen.com\/en\/impressum\/\" aria-label=\"Read more about Impressum Wandernotizen\">READ MORE<\/a><\/p>","protected":false},"author":1,"featured_media":0,"parent":0,"menu_order":0,"comment_status":"closed","ping_status":"closed","template":"","meta":{"footnotes":""},"class_list":{"0":"post-865","1":"page","2":"type-page","3":"status-publish","5":"infinite-scroll-item"},"_links":{"self":[{"href":"https:\/\/wandernotizen.com\/en\/wp-json\/wp\/v2\/pages\/865","targetHints":{"allow":["GET"]}}],"collection":[{"href":"https:\/\/wandernotizen.com\/en\/wp-json\/wp\/v2\/pages"}],"about":[{"href":"https:\/\/wandernotizen.com\/en\/wp-json\/wp\/v2\/types\/page"}],"author":[{"embeddable":true,"href":"https:\/\/wandernotizen.com\/en\/wp-json\/wp\/v2\/users\/1"}],"replies":[{"embeddable":true,"href":"https:\/\/wandernotizen.com\/en\/wp-json\/wp\/v2\/comments?post=865"}],"version-history":[{"count":2,"href":"https:\/\/wandernotizen.com\/en\/wp-json\/wp\/v2\/pages\/865\/revisions"}],"predecessor-version":[{"id":16607,"href":"https:\/\/wandernotizen.com\/en\/wp-json\/wp\/v2\/pages\/865\/revisions\/16607"}],"wp:attachment":[{"href":"https:\/\/wandernotizen.com\/en\/wp-json\/wp\/v2\/media?parent=865"}],"curies":[{"name":"wp","href":"https:\/\/api.w.org\/{rel}","templated":true}]}}

<p><a href="https://de.wikipedia.org/wiki/Impressum" target="_blank" rel="noopener noreferrer">Imprint</a> (lat. <em>impressum</em> &#8222;Hineingedrücktes&#8220; bzw. &#8222;Aufgedrücktes&#8220;) &#8211;&gt; Alles klar, daher hier der rechtliche Teil 🙂</p>



<figure class="wp-block-image size-large is-style-default"><a href="https://egx5hoebfh6.exactdn.com/wp-content/uploads/2022/06/impressum_wandernotizen.jpg?strip=all&w=2560"><img loading="lazy" decoding="async" width="1024" height="341" src="https://egx5hoebfh6.exactdn.com/wp-content/uploads/2022/06/impressum_wandernotizen-1024x341.jpg?strip=all" alt="impressum" class="wp-image-12286" srcset="https://egx5hoebfh6.exactdn.com/wp-content/uploads/2022/06/impressum_wandernotizen-1024x341.jpg?strip=all 1024w, https://egx5hoebfh6.exactdn.com/wp-content/uploads/2022/06/impressum_wandernotizen-300x100.jpg?strip=all 300w, https://egx5hoebfh6.exactdn.com/wp-content/uploads/2022/06/impressum_wandernotizen-768x256.jpg?strip=all 768w, https://egx5hoebfh6.exactdn.com/wp-content/uploads/2022/06/impressum_wandernotizen-1536x512.jpg?strip=all 1536w, https://egx5hoebfh6.exactdn.com/wp-content/uploads/2022/06/impressum_wandernotizen-2048x683.jpg?strip=all 2048w, https://egx5hoebfh6.exactdn.com/wp-content/uploads/2022/06/impressum_wandernotizen-610x203.jpg?strip=all 610w, https://egx5hoebfh6.exactdn.com/wp-content/uploads/2022/06/impressum_wandernotizen.jpg?strip=all&amp;w=444 444w, https://egx5hoebfh6.exactdn.com/wp-content/uploads/2022/06/impressum_wandernotizen.jpg?strip=all&amp;w=888 888w, https://egx5hoebfh6.exactdn.com/wp-content/uploads/2022/06/impressum_wandernotizen.jpg?strip=all&amp;w=1333 1333w, https://egx5hoebfh6.exactdn.com/wp-content/uploads/2022/06/impressum_wandernotizen.jpg?strip=all&amp;w=1777 1777w, https://egx5hoebfh6.exactdn.com/wp-content/uploads/2022/06/impressum_wandernotizen.jpg?strip=all 2222w" sizes="auto, (max-width: 1024px) 100vw, 1024px" /></a><figcaption class="wp-element-caption"><em>Impressum Wandernotizen</em></figcaption></figure>



<h2 class="wp-block-heading"><strong>Dieses Impressum gilt auch für die folgenden Social-Media-Präsenzen und Onlineprofile:</strong></h2>



<p><a href="https://www.facebook.com/wandernotizen/" target="_blank" rel="noreferrer noopener"><strong>Wandernotizen auf Facebook</strong></a></p>



<p><strong><a href="https://instagram.com/wandernotizen" target="_blank" rel="noreferrer noopener">Wandernotizen auf Instagram</a></strong></p>



<h2 class="wp-block-heading"><strong>Diensteanbieter</strong></h2>



<p>D e n n i s&nbsp; K i e f e r<br>O b e r a l p s t r a s s e&nbsp; 3 5<br>C H&nbsp; &#8211;&nbsp; 7 0 0 0&nbsp; C h u r</p>



<h5 class="wp-block-heading">Kontaktmöglichkeiten</h5>



<p>T: 0041 78 737 91 eins acht<br>E: dennis att wandernotizen dot com</p>



<h2 class="wp-block-heading"><strong>Technische Umsetzung, Programmierung und Gestaltung</strong></h2>



<p>Webnomadin Media<br>Switzerland</p>



<p><a href="https://webnomadin.com/" target="_blank" rel="noreferrer noopener">webnomadin.com</a></p>



<p>Agentur für Emotionales Branding &#8211; Selbständige Frauen Schweiz</p>



<h2 class="wp-block-heading"><strong>Haftungsausschluss (Disclaimer)</strong></h2>



<p><strong>Haftung für <a href="https://wandernotizen.com/en/mischmasch/der-reiseblog-gegen-fernweh/" data-type="post" data-id="10816">Content</a></strong></p>



<p>Als Diensteanbieter sind wir gemäß § 7 Abs.1 TMG für eigene Inhalte auf diesen Seiten nach den allgemeinen Gesetzen verantwortlich. Nach §§ 8 bis 10 TMG sind wir als Diensteanbieter jedoch nicht verpflichtet, übermittelte oder gespeicherte fremde Informationen zu überwachen oder nach Umständen zu forschen, die auf eine rechtswidrige Tätigkeit hinweisen. Verpflichtungen zur Entfernung oder Sperrung der Nutzung von Informationen nach den allgemeinen Gesetzen bleiben hiervon unberührt. Eine diesbezügliche Haftung ist jedoch erst ab dem Zeitpunkt der Kenntnis einer konkreten Rechtsverletzung möglich. Bei Bekanntwerden von entsprechenden Rechtsverletzungen werden wir diese Inhalte umgehend entfernen.</p>



<p><strong>Bilder und Videos</strong></p>



<p>Sollten Sie Inhaber eines Fotorechtes sein, das wir vielleicht verletzt haben, so geschah das nicht vorsätzlich. Sollten Sie der bewiesene Urheber eines Bildes sein melden Sie sich bei uns. Wir streamen audiovisuelle Videos nur, wir hosten selber keine audiovisuellen Beiträge. Sollten wir eine Urheberrechtsverletzung begangen haben, wenden Sie sich direkt an youtube.com bzw. den verwendeten Videoanbieter und lassen Sie den Clip dort entfernen.</p>



<p><strong>Haftung für Links</strong></p>



<p>Unser Angebot enthält Links zu externen Webseiten Dritter, auf deren Inhalte wir keinen Einfluss haben. Deshalb können wir für diese fremden Inhalte auch keine Gewähr übernehmen. Für die Inhalte der verlinkten Seiten ist stets der jeweilige Anbieter oder Betreiber der Seiten verantwortlich. Die verlinkten Seiten wurden zum Zeitpunkt der Verlinkung auf mögliche Rechtsverstöße überprüft. Rechtswidrige Inhalte waren zum Zeitpunkt der Verlinkung nicht erkennbar. Eine permanente inhaltliche Kontrolle der verlinkten Seiten ist jedoch ohne konkrete Anhaltspunkte einer Rechtsverletzung nicht zumutbar. Bei Bekanntwerden von Rechtsverletzungen werden wir derartige Links umgehend entfernen.</p>



<p><strong>Urheberrecht</strong></p>



<p>Die durch die Seitenbetreiber erstellten Inhalte und Werke auf diesen Seiten unterliegen dem schweizer Urheberrecht. Die Vervielfältigung, Bearbeitung, Verbreitung und jede Art der Verwertung außerhalb der Grenzen des Urheberrechtes bedürfen der schriftlichen Zustimmung des jeweiligen Autors bzw. Erstellers. Downloads und Kopien dieser Seite sind nur für den privaten, nicht kommerziellen Gebrauch gestattet. Soweit die Inhalte auf dieser Seite nicht vom Betreiber erstellt wurden, werden die Urheberrechte Dritter beachtet. Insbesondere werden Inhalte Dritter als solche gekennzeichnet. Sollten Sie trotzdem auf eine Urheberrechtsverletzung aufmerksam werden, bitten wir um einen entsprechenden Hinweis. Bei Bekanntwerden von Rechtsverletzungen werden wir derartige Inhalte umgehend entfernen.</p>



<p><em><sup>Stand 2024 Impressum Wandernotizen</sup></em></p>

<p>Impressum (lat. impressum &#8222;Hineingedrücktes&#8220; bzw. &#8222;Aufgedrücktes&#8220;) &#8211;&gt; Alles klar, daher hier der rechtliche Teil 🙂 Dieses Impressum gilt auch für die folgenden Social-Media-Präsenzen und Onlineprofile: Wandernotizen auf Facebook Wandernotizen auf Instagram Diensteanbieter D e n &#8230; <a title="Impressum Wandernotizen" class="read-more" href="https://wandernotizen.com/en/impressum/" aria-label="Read more about Impressum Wandernotizen">READ MORE</a></p>
